{"id":61,"date":"2023-06-20T13:10:32","date_gmt":"2023-06-20T12:10:32","guid":{"rendered":"http:\/\/www.sidpa72.fr\/w\/?page_id=61"},"modified":"2023-07-26T16:03:36","modified_gmt":"2023-07-26T15:03:36","slug":"sidpa","status":"publish","type":"page","link":"https:\/\/www.sidpa72.fr\/w","title":{"rendered":"Sidpa"},"content":{"rendered":"<div class=\"fusion-fullwidth fullwidth-box fusion-builder-row-1 fusion-flex-container nonhundred-percent-fullwidth non-hundred-percent-height-scrolling\" style=\"--awb-border-radius-top-left:0px;--awb-border-radius-top-right:0px;--awb-border-radius-bottom-right:0px;--awb-border-radius-bottom-left:0px;--awb-flex-wrap:wrap;\" ><div class=\"fusion-builder-row fusion-row fusion-flex-align-items-flex-start fusion-flex-content-wrap\" style=\"max-width:1331.2px;margin-left: calc(-4% \/ 2 );margin-right: calc(-4% \/ 2 );\"><div class=\"fusion-layout-column fusion_builder_column fusion-builder-column-0 fusion_builder_column_1_1 1_1 fusion-flex-column\" style=\"--awb-bg-blend:overlay;--awb-bg-size:cover;--awb-width-large:100%;--awb-margin-top-large:0px;--awb-spacing-right-large:1.92%;--awb-margin-bottom-large:0px;--awb-spacing-left-large:1.92%;--awb-width-medium:100%;--awb-spacing-right-medium:1.92%;--awb-spacing-left-medium:1.92%;--awb-width-small:100%;--awb-spacing-right-small:1.92%;--awb-spacing-left-small:1.92%;\"><div class=\"fusion-column-wrapper fusion-flex-justify-content-flex-start fusion-content-layout-column\"><div class=\"fusion-text fusion-text-1\"><\/div><\/div><\/div><\/div><\/div><div class=\"fusion-fullwidth fullwidth-box fusion-builder-row-2 nonhundred-percent-fullwidth non-hundred-percent-height-scrolling block_top\" style=\"--awb-border-radius-top-left:0px;--awb-border-radius-top-right:0px;--awb-border-radius-bottom-right:0px;--awb-border-radius-bottom-left:0px;--awb-flex-wrap:wrap;\" ><div class=\"fusion-builder-row fusion-row\"><div class=\"fusion-layout-column fusion_builder_column fusion-builder-column-1 fusion_builder_column_3_4 3_4 fusion-three-fourth fusion-column-first presentation_texte\" style=\"--awb-bg-blend:overlay;--awb-bg-size:cover;--awb-margin-bottom:0px;width:74%; margin-right: 4%;\"><div class=\"fusion-column-wrapper fusion-flex-column-wrapper-legacy\"><div class=\"fusion-text fusion-text-2\"><h2>De la conception \u00e0 l\u2019installation<br \/>\n<span style=\"color: #718d8e;\">de laboratoire\u00a0sur mesure,<\/span><\/h2>\n<p>SIDPA France est \u00e0 votre service depuis 1985 pour int\u00e9grer sans interm\u00e9diaire la totalit\u00e9 de sa prestation et met son savoir faire \u00e0 votre service pour r\u00e9aliser l\u2019agencement de votre mobilier de laboratoire, en conformit\u00e9 avec vos besoins et la normalisation en vigueur, en France et \u00e0 l\u2019\u00e9tranger.<\/p>\n<\/div><div class=\"fusion-clearfix\"><\/div><\/div><\/div><div class=\"fusion-layout-column fusion_builder_column fusion-builder-column-2 fusion_builder_column_1_4 1_4 fusion-one-fourth fusion-column-last\" style=\"--awb-bg-blend:overlay;--awb-bg-size:cover;--awb-margin-bottom:0px;width:22%;\"><div class=\"fusion-column-wrapper fusion-flex-column-wrapper-legacy\"><div class=\"fusion-text fusion-text-3\"><p><a href=\"http:\/\/www.qualibat.com\" target=\"_blank\" rel=\"noopener noreferrer\"><img decoding=\"async\" class=\"alignnone size-full wp-image-20\" src=\"https:\/\/www.sidpa72.fr\/w\/wp-content\/uploads\/2014\/06\/qualibat.png\" alt=\"qualibat\" width=\"76\" height=\"71\" srcset=\"https:\/\/www.sidpa72.fr\/w\/wp-content\/uploads\/2014\/06\/qualibat-52x50.png 52w, https:\/\/www.sidpa72.fr\/w\/wp-content\/uploads\/2014\/06\/qualibat.png 76w\" sizes=\"(max-width: 76px) 100vw, 76px\" \/><\/a>\u00a0 \u00a0\u00a0<img decoding=\"async\" class=\"alignnone size-full wp-image-19\" src=\"https:\/\/www.sidpa72.fr\/w\/wp-content\/uploads\/2014\/06\/made-in-france-e1403267051169.png\" alt=\"made-in-france\" width=\"75\" height=\"75\" \/><\/p>\n<\/div><div class=\"fusion-clearfix\"><\/div><\/div><\/div><\/div><\/div><div class=\"fusion-fullwidth fullwidth-box fusion-builder-row-3 fusion-flex-container nonhundred-percent-fullwidth non-hundred-percent-height-scrolling\" style=\"--awb-border-radius-top-left:0px;--awb-border-radius-top-right:0px;--awb-border-radius-bottom-right:0px;--awb-border-radius-bottom-left:0px;--awb-flex-wrap:wrap;\" ><div class=\"fusion-builder-row fusion-row fusion-flex-align-items-flex-start fusion-flex-content-wrap\" style=\"max-width:1331.2px;margin-left: calc(-4% \/ 2 );margin-right: calc(-4% \/ 2 );\"><div class=\"fusion-layout-column fusion_builder_column fusion-builder-column-3 fusion_builder_column_1_1 1_1 fusion-flex-column\" style=\"--awb-bg-blend:overlay;--awb-bg-size:cover;--awb-width-large:100%;--awb-margin-top-large:0px;--awb-spacing-right-large:1.92%;--awb-margin-bottom-large:0px;--awb-spacing-left-large:1.92%;--awb-width-medium:100%;--awb-spacing-right-medium:1.92%;--awb-spacing-left-medium:1.92%;--awb-width-small:100%;--awb-spacing-right-small:1.92%;--awb-spacing-left-small:1.92%;\"><div class=\"fusion-column-wrapper fusion-flex-justify-content-flex-start fusion-content-layout-column\"><div class=\"fusion-text fusion-text-4\"><\/p>\n<\/div><\/div><\/div><\/div><\/div><div class=\"fusion-fullwidth fullwidth-box fusion-builder-row-4 nonhundred-percent-fullwidth non-hundred-percent-height-scrolling fusion-equal-height-columns\" style=\"--link_color: var(--awb-custom15);--awb-border-radius-top-left:0px;--awb-border-radius-top-right:0px;--awb-border-radius-bottom-right:0px;--awb-border-radius-bottom-left:0px;--awb-margin-top:0px;--awb-margin-bottom:0px;--awb-background-color:#cacaca;--awb-flex-wrap:wrap;\" ><div class=\"fusion-builder-row fusion-row\"><div class=\"fusion-layout-column fusion_builder_column fusion-builder-column-4 fusion_builder_column_1_1 1_1 fusion-one-full fusion-column-first fusion-column-last notre_actualite\" style=\"--awb-bg-blend:overlay;--awb-bg-size:cover;\"><div class=\"fusion-column-wrapper fusion-flex-column-wrapper-legacy\"><div class=\"fusion-text fusion-text-5\"><h2 style=\"font-size: 30px;\" data-fusion-font=\"true\">Notre actualit\u00e9<\/h2>\n<\/div><div class=\"fusion-text fusion-text-6\"><\/p>\n<\/div><div class=\"fusion-clearfix\"><\/div><\/div><\/div><\/div><\/div><div class=\"fusion-fullwidth fullwidth-box fusion-builder-row-5 nonhundred-percent-fullwidth non-hundred-percent-height-scrolling\" style=\"--awb-border-radius-top-left:0px;--awb-border-radius-top-right:0px;--awb-border-radius-bottom-right:0px;--awb-border-radius-bottom-left:0px;--awb-flex-wrap:wrap;\" ><div class=\"fusion-builder-row fusion-row\"><div class=\"fusion-layout-column fusion_builder_column fusion-builder-column-5 fusion_builder_column_1_1 1_1 fusion-one-full fusion-column-first fusion-column-last\" style=\"--awb-bg-blend:overlay;--awb-bg-size:cover;--awb-margin-bottom:0px;\"><div class=\"fusion-column-wrapper fusion-flex-column-wrapper-legacy\"><div class=\"fusion-section-separator section-separator triangle fusion-section-separator-1\" style=\"--awb-border-bottom:1px solid #cacaca;--awb-spacer-height:1px;--awb-svg-margin-left:0;--awb-svg-margin-right:0;--awb-icon-color:#ffffff;\"><div class=\"fusion-section-separator-svg\"><div class=\"divider-candy-arrow bottom\" style=\"top:0px;border-top-color: #cacaca;\"><\/div><div class=\"divider-candy bottom\" style=\"bottom:-21px;border-bottom:1px solid #cacaca;border-left:1px solid #cacaca;\"><\/div><\/div><div class=\"fusion-section-separator-spacer\"><div class=\"fusion-section-separator-spacer-height\"><\/div><\/div><\/div><div class=\"fusion-sep-clear\"><\/div><div class=\"fusion-separator fusion-full-width-sep\" style=\"margin-left: auto;margin-right: auto;margin-top:50px;width:100%;\"><\/div><div class=\"fusion-sep-clear\"><\/div><div class=\"fusion-clearfix\"><\/div><\/div><\/div><div class=\"fusion-layout-column fusion_builder_column fusion-builder-column-6 fusion_builder_column_1_1 1_1 fusion-one-full fusion-column-first fusion-column-last\" style=\"--awb-bg-blend:overlay;--awb-bg-size:cover;\"><div class=\"fusion-column-wrapper fusion-flex-column-wrapper-legacy\"><div class=\"fusion-recent-posts fusion-recent-posts-1 avada-container layout-default layout-columns-3\"><section class=\"fusion-columns columns fusion-columns-3 columns-3\"><article class=\"post fusion-column column col col-lg-4 col-md-4 col-sm-4\"><div class=\"fusion-flexslider fusion-flexslider-loading flexslider flexslider-hover-type-none\"><ul class=\"slides\"><li><a href=\"https:\/\/www.sidpa72.fr\/w\/actualites\/decouvrez-lar-brochure-technique-2023-sidpa\" aria-label=\"Brochure Mobilier de Laboratoire\" class=\"hover-type-none\"><img decoding=\"async\" width=\"500\" height=\"333\" src=\"https:\/\/www.sidpa72.fr\/w\/wp-content\/uploads\/2023\/07\/Mockup_plaquette_2023.png\" class=\"attachment-recent-posts size-recent-posts\" alt=\"Brochure pr\u00e9sentant les produits de la soci\u00e9t\u00e9 SIDPA\" srcset=\"https:\/\/www.sidpa72.fr\/w\/wp-content\/uploads\/2023\/07\/Mockup_plaquette_2023-200x133.png 200w, https:\/\/www.sidpa72.fr\/w\/wp-content\/uploads\/2023\/07\/Mockup_plaquette_2023-300x200.png 300w, https:\/\/www.sidpa72.fr\/w\/wp-content\/uploads\/2023\/07\/Mockup_plaquette_2023-400x266.png 400w, https:\/\/www.sidpa72.fr\/w\/wp-content\/uploads\/2023\/07\/Mockup_plaquette_2023.png 500w\" sizes=\"(max-width: 500px) 100vw, 500px\" \/><\/a><\/li><\/ul><\/div><div class=\"recent-posts-content\"><span class=\"vcard\" style=\"display: none;\"><span class=\"fn\"><a href=\"https:\/\/www.sidpa72.fr\/w\/author\/d-pouvreau\" title=\"Articles par Daphn\u00e9 Pouvreau\" rel=\"author\">Daphn\u00e9 Pouvreau<\/a><\/span><\/span><span class=\"updated\" style=\"display:none;\">2025-03-03T17:30:02+01:00<\/span><h4 class=\"entry-title\"><a href=\"https:\/\/www.sidpa72.fr\/w\/actualites\/decouvrez-lar-brochure-technique-2023-sidpa\">Brochure Mobilier de Laboratoire<\/a><\/h4><p>D\u00e9couvrez notre brochure d\u00e9di\u00e9e au mobilier de laboratoire sur mesure. Explorez une gamme compl\u00e8te de paillasses de laboratoire, postes de travail modulables, solutions de stockage optimis\u00e9es et \u00e9quipements adapt\u00e9s aux environnements professionnels. Chaque produit est pr\u00e9sent\u00e9 avec des sp\u00e9cifications techniques d\u00e9taill\u00e9es et un choix de mat\u00e9riaux rigoureusement s\u00e9lectionn\u00e9s pour assurer durabilit\u00e9 et performance.<\/p><\/div><\/article><article class=\"post fusion-column column col col-lg-4 col-md-4 col-sm-4\"><div class=\"fusion-flexslider fusion-flexslider-loading flexslider flexslider-hover-type-none\"><ul class=\"slides\"><li><a href=\"https:\/\/www.sidpa72.fr\/w\/actualites\/fabrication-bureau-sur-mesure\" aria-label=\"Fabrication et Am\u00e9nagement de Meubles de Bureau sur Mesure \u2013 SIDPA FRANCE\" class=\"hover-type-none\"><img decoding=\"async\" width=\"700\" height=\"441\" src=\"https:\/\/www.sidpa72.fr\/w\/wp-content\/uploads\/2019\/11\/bureau_pro2-700x441.png\" class=\"attachment-recent-posts size-recent-posts\" alt=\"Bureau sur mesure SIDPA\" srcset=\"https:\/\/www.sidpa72.fr\/w\/wp-content\/uploads\/2019\/11\/bureau_pro2-320x202.png 320w, https:\/\/www.sidpa72.fr\/w\/wp-content\/uploads\/2019\/11\/bureau_pro2-700x441.png 700w\" sizes=\"(max-width: 700px) 100vw, 700px\" \/><\/a><\/li><li><a href=\"https:\/\/www.sidpa72.fr\/w\/actualites\/fabrication-bureau-sur-mesure\" aria-label=\"Fabrication et Am\u00e9nagement de Meubles de Bureau sur Mesure \u2013 SIDPA FRANCE\" class=\"hover-type-none\"><img decoding=\"async\" width=\"700\" height=\"441\" src=\"https:\/\/www.sidpa72.fr\/w\/wp-content\/uploads\/2019\/11\/bureau_pro1-700x441.png\" class=\"attachment-recent-posts size-recent-posts\" alt=\"\" srcset=\"https:\/\/www.sidpa72.fr\/w\/wp-content\/uploads\/2019\/11\/bureau_pro1-320x202.png 320w, https:\/\/www.sidpa72.fr\/w\/wp-content\/uploads\/2019\/11\/bureau_pro1-700x441.png 700w\" sizes=\"(max-width: 700px) 100vw, 700px\" \/><\/a><\/li><\/ul><\/div><div class=\"recent-posts-content\"><span class=\"vcard\" style=\"display: none;\"><span class=\"fn\"><a href=\"https:\/\/www.sidpa72.fr\/w\/author\/d-pouvreau\" title=\"Articles par Daphn\u00e9 Pouvreau\" rel=\"author\">Daphn\u00e9 Pouvreau<\/a><\/span><\/span><span class=\"updated\" style=\"display:none;\">2025-03-03T16:44:17+01:00<\/span><h4 class=\"entry-title\"><a href=\"https:\/\/www.sidpa72.fr\/w\/actualites\/fabrication-bureau-sur-mesure\">Fabrication et Am\u00e9nagement de Meubles de Bureau sur Mesure \u2013 SIDPA FRANCE<\/a><\/h4><p>Vous cherchez une solution sur-mesure pour am\u00e9nager vos bureaux ? SIDPA FRANCE con\u00e7oit, fabrique et installe du mobilier professionnel 100% fran\u00e7ais, alliant design, ergonomie et fonctionnalit\u00e9.<\/p><\/div><\/article><article class=\"post fusion-column column col col-lg-4 col-md-4 col-sm-4\"><div class=\"fusion-flexslider fusion-flexslider-loading flexslider flexslider-hover-type-none\"><ul class=\"slides\"><li><a href=\"https:\/\/www.sidpa72.fr\/w\/actualites\/article-sidpa-france-servilab-magazine-usine-nouvelle\" aria-label=\"D\u00e9couvrez l&rsquo;article sur SIDPA France et Servilab du magazine l&rsquo;Usine Nouvelle\" class=\"hover-type-none\"><img decoding=\"async\" width=\"700\" height=\"208\" src=\"https:\/\/www.sidpa72.fr\/w\/wp-content\/uploads\/2015\/01\/Logo_usinenouvelle-700x208.png\" class=\"attachment-recent-posts size-recent-posts\" alt=\"\" \/><\/a><\/li><\/ul><\/div><div class=\"recent-posts-content\"><span class=\"vcard\" style=\"display: none;\"><span class=\"fn\"><a href=\"https:\/\/www.sidpa72.fr\/w\/author\/f-raballand\" title=\"Articles par Frederic Raballand\" rel=\"author\">Frederic Raballand<\/a><\/span><\/span><span class=\"updated\" style=\"display:none;\">2023-07-26T14:28:09+01:00<\/span><h4 class=\"entry-title\"><a href=\"https:\/\/www.sidpa72.fr\/w\/actualites\/article-sidpa-france-servilab-magazine-usine-nouvelle\">D\u00e9couvrez l&rsquo;article sur SIDPA France et Servilab du magazine l&rsquo;Usine Nouvelle<\/a><\/h4><p><\/p><\/div><\/article><\/section><\/div><div class=\"fusion-clearfix\"><\/div><\/div><\/div><\/div><\/div><div class=\"fusion-fullwidth fullwidth-box fusion-builder-row-6 fusion-flex-container nonhundred-percent-fullwidth non-hundred-percent-height-scrolling\" style=\"--awb-border-radius-top-left:0px;--awb-border-radius-top-right:0px;--awb-border-radius-bottom-right:0px;--awb-border-radius-bottom-left:0px;--awb-flex-wrap:wrap;\" ><div class=\"fusion-builder-row fusion-row fusion-flex-align-items-flex-start fusion-flex-content-wrap\" style=\"max-width:1331.2px;margin-left: calc(-4% \/ 2 );margin-right: calc(-4% \/ 2 );\"><div class=\"fusion-layout-column fusion_builder_column fusion-builder-column-7 fusion_builder_column_1_1 1_1 fusion-flex-column\" style=\"--awb-bg-blend:overlay;--awb-bg-size:cover;--awb-width-large:100%;--awb-margin-top-large:0px;--awb-spacing-right-large:1.92%;--awb-margin-bottom-large:0px;--awb-spacing-left-large:1.92%;--awb-width-medium:100%;--awb-spacing-right-medium:1.92%;--awb-spacing-left-medium:1.92%;--awb-width-small:100%;--awb-spacing-right-small:1.92%;--awb-spacing-left-small:1.92%;\"><div class=\"fusion-column-wrapper fusion-flex-justify-content-flex-start fusion-content-layout-column\"><div class=\"fusion-text fusion-text-7\"><\/p>\n<\/div><\/div><\/div><\/div><\/div>","protected":false},"excerpt":{"rendered":"","protected":false},"author":2,"featured_media":0,"parent":0,"menu_order":0,"comment_status":"closed","ping_status":"closed","template":"100-width.php","meta":{"footnotes":""},"class_list":["post-61","page","type-page","status-publish","hentry"],"yoast_head":"<!-- This site is optimized with the Yoast SEO plugin v27.2 - https:\/\/yoast.com\/product\/yoast-seo-wordpress\/ -->\n<title>mobilier de laboratoire, agencement sur mesure, paillasse, sorbonne<\/title>\n<meta name=\"description\" content=\"Sidpa France propose l&#039;agencement de votre mobilier de laboratoire , laboratoire sur mesure : paillasse de laboratoire, sorbonnes et meuble de laboratoire.\" \/>\n<meta name=\"robots\" content=\"index, follow, max-snippet:-1, max-image-preview:large, max-video-preview:-1\" \/>\n<link rel=\"canonical\" href=\"https:\/\/www.sidpa72.fr\/w\/\" \/>\n<meta property=\"og:locale\" content=\"fr_FR\" \/>\n<meta property=\"og:type\" content=\"article\" \/>\n<meta property=\"og:title\" content=\"mobilier de laboratoire, agencement sur mesure, paillasse, sorbonne\" \/>\n<meta property=\"og:description\" content=\"Sidpa France propose l&#039;agencement de votre mobilier de laboratoire , laboratoire sur mesure : paillasse de laboratoire, sorbonnes et meuble de laboratoire.\" \/>\n<meta property=\"og:url\" content=\"https:\/\/www.sidpa72.fr\/w\/\" \/>\n<meta property=\"og:site_name\" content=\"Sidpa France\" \/>\n<meta property=\"article:modified_time\" content=\"2023-07-26T15:03:36+00:00\" \/>\n<meta property=\"og:image\" content=\"https:\/\/www.sidpa72.fr\/w\/wp-content\/uploads\/2014\/06\/qualibat.png\" \/>\n<meta name=\"twitter:label1\" content=\"Dur\u00e9e de lecture estim\u00e9e\" \/>\n\t<meta name=\"twitter:data1\" content=\"3 minutes\" \/>\n<script type=\"application\/ld+json\" class=\"yoast-schema-graph\">{\"@context\":\"https:\/\/schema.org\",\"@graph\":[{\"@type\":\"WebPage\",\"@id\":\"https:\/\/www.sidpa72.fr\/w\",\"url\":\"https:\/\/www.sidpa72.fr\/w\/\",\"name\":\"mobilier de laboratoire, agencement sur mesure, paillasse, sorbonne\",\"isPartOf\":{\"@id\":\"https:\/\/www.sidpa72.fr\/w\/#website\"},\"primaryImageOfPage\":{\"@id\":\"https:\/\/www.sidpa72.fr\/w\/#primaryimage\"},\"image\":{\"@id\":\"https:\/\/www.sidpa72.fr\/w\/#primaryimage\"},\"thumbnailUrl\":\"https:\/\/www.sidpa72.fr\/w\/wp-content\/uploads\/2014\/06\/qualibat.png\",\"datePublished\":\"2023-06-20T12:10:32+00:00\",\"dateModified\":\"2023-07-26T15:03:36+00:00\",\"description\":\"Sidpa France propose l'agencement de votre mobilier de laboratoire , laboratoire sur mesure : paillasse de laboratoire, sorbonnes et meuble de laboratoire.\",\"breadcrumb\":{\"@id\":\"https:\/\/www.sidpa72.fr\/w\/#breadcrumb\"},\"inLanguage\":\"fr-FR\",\"potentialAction\":[{\"@type\":\"ReadAction\",\"target\":[\"https:\/\/www.sidpa72.fr\/w\/\"]}]},{\"@type\":\"ImageObject\",\"inLanguage\":\"fr-FR\",\"@id\":\"https:\/\/www.sidpa72.fr\/w\/#primaryimage\",\"url\":\"https:\/\/www.sidpa72.fr\/w\/wp-content\/uploads\/2014\/06\/qualibat.png\",\"contentUrl\":\"https:\/\/www.sidpa72.fr\/w\/wp-content\/uploads\/2014\/06\/qualibat.png\",\"width\":76,\"height\":71},{\"@type\":\"BreadcrumbList\",\"@id\":\"https:\/\/www.sidpa72.fr\/w\/#breadcrumb\",\"itemListElement\":[{\"@type\":\"ListItem\",\"position\":1,\"name\":\"Home\",\"item\":\"https:\/\/www.sidpa72.fr\/w\"},{\"@type\":\"ListItem\",\"position\":2,\"name\":\"Sidpa\"}]},{\"@type\":\"WebSite\",\"@id\":\"https:\/\/www.sidpa72.fr\/w\/#website\",\"url\":\"https:\/\/www.sidpa72.fr\/w\/\",\"name\":\"Sidpa\",\"description\":\"Votre mobilier de laboratoire sur-mesure\",\"potentialAction\":[{\"@type\":\"SearchAction\",\"target\":{\"@type\":\"EntryPoint\",\"urlTemplate\":\"https:\/\/www.sidpa72.fr\/w\/?s={search_term_string}\"},\"query-input\":{\"@type\":\"PropertyValueSpecification\",\"valueRequired\":true,\"valueName\":\"search_term_string\"}}],\"inLanguage\":\"fr-FR\"}]}<\/script>\n<!-- \/ Yoast SEO plugin. -->","yoast_head_json":{"title":"mobilier de laboratoire, agencement sur mesure, paillasse, sorbonne","description":"Sidpa France propose l'agencement de votre mobilier de laboratoire , laboratoire sur mesure : paillasse de laboratoire, sorbonnes et meuble de laboratoire.","robots":{"index":"index","follow":"follow","max-snippet":"max-snippet:-1","max-image-preview":"max-image-preview:large","max-video-preview":"max-video-preview:-1"},"canonical":"https:\/\/www.sidpa72.fr\/w\/","og_locale":"fr_FR","og_type":"article","og_title":"mobilier de laboratoire, agencement sur mesure, paillasse, sorbonne","og_description":"Sidpa France propose l'agencement de votre mobilier de laboratoire , laboratoire sur mesure : paillasse de laboratoire, sorbonnes et meuble de laboratoire.","og_url":"https:\/\/www.sidpa72.fr\/w\/","og_site_name":"Sidpa France","article_modified_time":"2023-07-26T15:03:36+00:00","og_image":[{"url":"https:\/\/www.sidpa72.fr\/w\/wp-content\/uploads\/2014\/06\/qualibat.png","type":"","width":"","height":""}],"twitter_misc":{"Dur\u00e9e de lecture estim\u00e9e":"3 minutes"},"schema":{"@context":"https:\/\/schema.org","@graph":[{"@type":"WebPage","@id":"https:\/\/www.sidpa72.fr\/w","url":"https:\/\/www.sidpa72.fr\/w\/","name":"mobilier de laboratoire, agencement sur mesure, paillasse, sorbonne","isPartOf":{"@id":"https:\/\/www.sidpa72.fr\/w\/#website"},"primaryImageOfPage":{"@id":"https:\/\/www.sidpa72.fr\/w\/#primaryimage"},"image":{"@id":"https:\/\/www.sidpa72.fr\/w\/#primaryimage"},"thumbnailUrl":"https:\/\/www.sidpa72.fr\/w\/wp-content\/uploads\/2014\/06\/qualibat.png","datePublished":"2023-06-20T12:10:32+00:00","dateModified":"2023-07-26T15:03:36+00:00","description":"Sidpa France propose l'agencement de votre mobilier de laboratoire , laboratoire sur mesure : paillasse de laboratoire, sorbonnes et meuble de laboratoire.","breadcrumb":{"@id":"https:\/\/www.sidpa72.fr\/w\/#breadcrumb"},"inLanguage":"fr-FR","potentialAction":[{"@type":"ReadAction","target":["https:\/\/www.sidpa72.fr\/w\/"]}]},{"@type":"ImageObject","inLanguage":"fr-FR","@id":"https:\/\/www.sidpa72.fr\/w\/#primaryimage","url":"https:\/\/www.sidpa72.fr\/w\/wp-content\/uploads\/2014\/06\/qualibat.png","contentUrl":"https:\/\/www.sidpa72.fr\/w\/wp-content\/uploads\/2014\/06\/qualibat.png","width":76,"height":71},{"@type":"BreadcrumbList","@id":"https:\/\/www.sidpa72.fr\/w\/#breadcrumb","itemListElement":[{"@type":"ListItem","position":1,"name":"Home","item":"https:\/\/www.sidpa72.fr\/w"},{"@type":"ListItem","position":2,"name":"Sidpa"}]},{"@type":"WebSite","@id":"https:\/\/www.sidpa72.fr\/w\/#website","url":"https:\/\/www.sidpa72.fr\/w\/","name":"Sidpa","description":"Votre mobilier de laboratoire sur-mesure","potentialAction":[{"@type":"SearchAction","target":{"@type":"EntryPoint","urlTemplate":"https:\/\/www.sidpa72.fr\/w\/?s={search_term_string}"},"query-input":{"@type":"PropertyValueSpecification","valueRequired":true,"valueName":"search_term_string"}}],"inLanguage":"fr-FR"}]}},"_links":{"self":[{"href":"https:\/\/www.sidpa72.fr\/w\/wp-json\/wp\/v2\/pages\/61","targetHints":{"allow":["GET"]}}],"collection":[{"href":"https:\/\/www.sidpa72.fr\/w\/wp-json\/wp\/v2\/pages"}],"about":[{"href":"https:\/\/www.sidpa72.fr\/w\/wp-json\/wp\/v2\/types\/page"}],"author":[{"embeddable":true,"href":"https:\/\/www.sidpa72.fr\/w\/wp-json\/wp\/v2\/users\/2"}],"replies":[{"embeddable":true,"href":"https:\/\/www.sidpa72.fr\/w\/wp-json\/wp\/v2\/comments?post=61"}],"version-history":[{"count":45,"href":"https:\/\/www.sidpa72.fr\/w\/wp-json\/wp\/v2\/pages\/61\/revisions"}],"predecessor-version":[{"id":21643,"href":"https:\/\/www.sidpa72.fr\/w\/wp-json\/wp\/v2\/pages\/61\/revisions\/21643"}],"wp:attachment":[{"href":"https:\/\/www.sidpa72.fr\/w\/wp-json\/wp\/v2\/media?parent=61"}],"curies":[{"name":"wp","href":"https:\/\/api.w.org\/{rel}","templated":true}]}}